 factor of s and 567?
81
Let k be ((-20)/22)/(327/(-10791)). Calculate the greatest common divisor of k and 4845.
15
Let z be 1*(-11 + 1)/(-2). Suppose 3*b - z*u - 9 = 26, -3*b - u + 65 = 0. Let r be (-4)/2*38/(-19). Calculate the greatest common divisor of r and b.
4
Suppose 13*p = 11*p + 18. Suppose -10*w + p = -7*w. What is the greatest common factor of w and 21?
3
Suppose -l + 5*r + 32 = 7, 2*l + 5*r = 125. Let p = 55 - l. Suppose 5*u = 3*u + d + 117, 0 = 3*u + p*d - 143. What is the greatest common divisor of u and 140?
28
Suppose -3284*q = -3282*q - 28. Suppose -5*y - 4*r + 859 = 0, 6*y - 2*r = y + 883. Calculate the greatest common factor of y and q.
7
Let r(i) = 19*i - 281. Let n be r(17). Suppose -21*o - 2835 = -n*o. What is the highest common divisor of o and 10?
5
Let u be (20/4 + -9)/2. Let w be (4 - 1) + (-1 - u). Suppose 5*k = w*r - 458, -6*r - 4*k + 242 = -4*r. Calculate the greatest common factor of r and 13.
13
Suppose 67*q + 327 = 68*q. Let f = q - 242. Calculate the highest common divisor of f and 34.
17
Let l be (((-51)/204)/((-5)/(-424)))/(2/(-20)). Suppose -4*o + 23 = -4*j - 209, -4*o = -2*j - 222. Calculate the highest common factor of o and l.
53
Let k(c) = 2*c**2 - 38*c - 377. Let l be k(-7). Let v(j) = 15*j + 5 + 34 - 7 + j**2. Let s be v(l). What is the highest common factor of s and 114?
6
Let f be (2 - 55/22)*(1 + -3407). Calculate the highest common divisor of f and 1179.
131
Let a(q) = 209*q - 1462. Let d be a(7). Calculate the greatest common factor of d and 49.
1
Let w(x) be the second derivative of 25*x**3/6 + 14*x**2 - 3*x. Let o be w(9). Let u be (-2 - 0)/((-8)/92). What is the highest common factor of u and o?
23
Let o = 9269 + -9248. What is the highest common divisor of 147 and o?
21
Let w be 5 + (4264/10)/(1/5). Suppose -4*p + w = 793. What is the greatest common divisor of p and 105?
21
Let t be (1*2)/(38/95). Suppose 154 = t*v + 94. What is the greatest common divisor of v and 228?
12
Let y(s) = -s**3 - 18*s**2 + 23*s + 9. Let z be y(-19). Let h = z + 107. Calculate the highest common divisor of h and 280.
40
Suppose 23*u + 26524 = 42*u. Let x be (u/(-12))/(-1) - 4/(-6). Calculate the highest common factor of x and 45.
9
Let p be -13 + 42 + -25 - (-3336)/2. Calculate the highest common factor of 57 and p.
19
Let g be 409 - (-2)/(6*5/60). Calculate the greatest common factor of 59 and g.
59
Let u = 42 - 39. Suppose -5*m - u*g + 7 = 0, 3*m - 3*g - 11 = -m. Let h be 1 - (26/(-4) - m/4). Calculate the highest common factor of h and 32.
8
Let p = -6877 + 25991. Calculate the highest common divisor of p and 38.
38
Suppose -5*t + 2*f = 5*f - 228, 3*f = 4*t - 204. Let a be (-216)/t*32/(-3). What is the highest common divisor of a and 432?
48
Suppose 2*m + 3*z - z = 408, 4*m - 3*z = 788. Suppose 5*t = 2*r - m, -4*r + 2*t + t + 372 = 0. Calculate the greatest common factor of r and 50.
10
Suppose 41*t = 40*t - 35. Let g = t - -41. Suppose g*z = 2*z + 3*a + 1, -z + 3*a - 11 = 0. Calculate the greatest common divisor of 36 and z.
4
Suppose 9*b + 38 = 8*b. Let j = b - -47. Let v = j - 7. Calculate the greatest common factor of 18 and v.
2
Let w = 38 - 22. Let b be -114*((-49)/(-21) - 2). Let c = b - -150. What is the greatest common factor of c and w?
16
Let c be 4/18 + 277/9. Let g be 4/8*-5*-2. Suppose -5*f = -3*y - 313, -g*f = 3*y - 2*y - 309. What is the highest common divisor of f and c?
31
Suppose 2*h - 5*v = 45, -4*h + 0*h - v + 35 = 0. Let m be (164/(-6))/(h/120). Let n be m/(-20) - (-4)/(-10). What is the highest common factor of 2 and n?
2
Let q(n) = -2 + 10 + 1 - 7*n + 3*n**2. Let z be q(6). Suppose 63*f - 60 = 61*f. Calculate the greatest common divisor of z and f.
15
Suppose -73*v - 1616 = -89*v. What is the greatest common factor of 2222 and v?
101
Let o = 29610 + -28793. Calculate the highest common divisor of 946 and o.
43
Let q be (19/(152/192))/(16/8). What is the greatest common divisor of q and 516?
12
Let j = -148 - -199. Let u(d) = 5*d**2 - 18*d + 3. Let c be u(6). Let x = -41 + c. Calculate the greatest common factor of j and x.
17
Suppose -3*c + 21 = -15. Let k be 5/15*(-774)/(-3). Suppose -k*j = -91*j + 60. What is the highest common divisor of j and c?
12
Suppose -16 = -0*f - 3*f + 5*y, -4*f = 4*y. Suppose 3*b + 9 = 0, -b + 13 - f = k. Let m = 26 - -44. What is the greatest common divisor of k and m?
14
Suppose 0 = 3789*w - 3749*w - 840. Calculate the highest common divisor of 22281 and w.
21
Suppose 10*j - 2*j = 0. Suppose j*l + 8*l = 16. Calculate the highest common divisor of 74 and l.
2
Let d(y) be the second derivative of 5*y**4/6 - 4*y**3/3 - 8*y**2 - 165*y. Let m be d(-2). What is the highest common factor of m and 4?
4
Let t be ((-15)/6 - -2)/((-2)/12). Suppose -3*w + 5*q + 13 = -7, -5*w + t*q + 28 = 0. What is the highest common factor of 55 and w?
5
Suppose 4*a - 230 = 4*p - p, -2*a - 3*p + 106 = 0. Let n be (-2 + -1)/(5 - a/11). Calculate the highest common divisor of n and 9.
3
Let z = -395 + 420. Suppose -6*j - z = -11*j. What is the highest common factor of j and 545?
5
Let t(c) = c**2 + 103*c + 490. Let d be t(-103). What is the highest common factor of d and 350?
70
Let z(h) = 2*h**3 - 97*h**2 - 16*h + 134. Let w be z(49). What is the greatest common factor of w and 309?
103
Suppose 5 = -4*v + 17. Suppose 0 = 5*u + t - 2468, v*t = -u + 42 + 460. What is the greatest common factor of 17 and u?
17
Let y be 104*1/1 - (-11 + 12). Let t = -4 + y. Calculate the highest common divisor of 11 and t.
11
Suppose 6*m - 1251 = -201. Let r = m + -157. Calculate the greatest common divisor of r and 45.
9
Suppose -2*l + 10 = 3*n, 4*l + 4*n - 1 = 23. What is the highest common factor of l and 53?
1
Suppose 0 = -4*w - h + 164, -5*h - 24 = -4. Suppose -4*r - 511*v = -509*v - 1188, 0 = 4*r - 4*v - 1152. Calculate the greatest common factor of w and r.
42
Let p be -2 + (-68)/(-36) - 256/(-36). Suppose 152 = 2*c - r, -5*r = p*c - 12*c + 385. What is the greatest common factor of c and 6?
3
Suppose -28*a - 23*a = -17391. What is the highest common divisor of a and 496?
31
Let m = 16 + 83. Let j(l) = -47*l - 526. Let b be j(-14). What is the greatest common factor of b and m?
33
Let x = 275 - 275. Suppose x = 3*l - 2*p - 2*p - 313, 0 = -4*p + 20. Calculate the highest common divisor of 3 and l.
3
Suppose 4*z = 2*z + 8*z - 4020. Calculate the greatest common factor of z and 50.
10
Let f(o) = -5*o**3 + o**2 - 11*o - 57. Let u be f(-4). Calculate the greatest common divisor of 76 and u.
19
Let f = 1313 - 1293. Let g(l) = l**2 + 25*l - 4. Let d be g(-13). Let h be ((-2)/(-4))/((-4)/d). Calculate the greatest common divisor of f and h.
20
Suppose l - 4*z = 26, l + 3*z + 2*z = -10. Let r(y) = 133*y - 91. Let d be r(7). Suppose -54*v = -75*v + d. Calculate the highest common divisor of l and v.
10
Let u(i) = 3*i**2 - 12*i + 129. Let y be u(11). What is the greatest common divisor of y and 504?
72
Let x(q) = q + 58. Let p be x(-22). Let c(n) = 30 + p - n - 73. Let v be c(-12). What is the highest common factor of 10 and v?
5
Let q = -7 - -11. Let w(l) = 14*l + 34. Let s be w(11). Suppose -s = -11*t + 6*t - 2*y, 28 = t - 2*y. Calculate the greatest common divisor of t and q.
4
Let b be 4 + (2 - -1) - (-13125)/(6/2). Calculate the highest common divisor of 7 and b.
7
Let p be (-19548)/(-306) - (-18)/153. Calculate the greatest common divisor of 12 and p.
4
Let d be (-321 - (2 + 0))*(-2 - (-15 + 14)). Suppose 5*t - 129 + 34 = 0. What is the greatest common factor of d and t?
19
Let g be (((-45)/(-2))/((-48)/64))/(-1). Suppose 2*q - 5*m - 102 = g, 5*q - 2*m - 372 = 0. What is the highest common factor of 19 and q?
19
Let h(b) = 31*b**2 - 298*b - 875. Let q be h(-3). Calculate the highest common divisor of q and 22499.
149
Let j(d) = -2*d + 57. Let g be j(18). Let s be 2108/(-28) - (-6)/g. Let t = s + 81. What is the greatest common divisor of 18 and t?
6
Suppose 8 = 3*a - 19. Let g(f) = f**2 - 2*f - 9. Let z be g(a). Let l(d) = d**2 + 8*d - 14. Let n be l(2). What is the greatest common factor of n and z?
6
Let j be (-13 + 1)*(0 - 1). Let b(k) be the first derivative of k**3/3 - 13*k**2/2 + 16*k + 43. Let y be b(j). What is the greatest common factor of 16 and y?
4
Let n = -7734 + 8896. Calculate the hig